base 10
-26
-120 (base 5) to base 3
-1022
31 (base 7) to base 13
19
What is -5 (base 11) in base 4?
-11
Convert 9 (base 12) to base 13.
9
What is -1 (base 13) in base 7?
-1
33 (base 6) to base 12
19
What is 9 (base 16) in base 4?
21
What is -75 (base 14) in base 7?
-205
Convert 13 (base 11) to base 3.
112
What is -10 (base 2) in base 6?
-2
-10 (base 6) to base 12
-6
Convert 34 (base 9) to base 7.
43
What is 1 (base 8) in base 14?
1
32 (base 7) to base 3
212
-10111 (base 2) to base 4
-113
What is -6 (base 8) in base 16?
-6
What is 100 (base 2) in base 9?
4
What is -12 (base 4) in base 13?
-6
What is -1 (base 13) in base 10?
-1
0 (base 13) to base 16
0
What is 14 (base 13) in base 15?
12
Convert -2133 (base 4) to base 14.
-b5
Convert -21 (base 3) to base 9.
-7
What is 5 (base 10) in base 15?
5
What is 1 (base 2) in base 13?
1
2 (base 7) to base 10
2
-1a (base 16) to base 15
-1b
What is -18 (base 14) in base 5?
-42
-3e (base 15) to base 16
-3b
What is -2 (base 4) in base 12?
-2
What is -56 (base 7) in base 10?
-41
Convert 100 (base 9) to base 12.
69
Convert 3 (base 8) to base 9.
3
-21 (base 3) to base 4
-13
What is -7 (base 16) in base 5?
-12
Convert -5 (base 12) to base 8.
-5
b6 (base 13) to base 7
302
What is 4 (base 12) in base 7?
4
323 (base 4) to base 8
73
What is -1 (base 12) in base 3?
-1
What is -5 (base 6) in base 10?
-5
Convert -47 (base 13) to base 11.
-54
Convert 5 (base 6) to base 13.
5
13 (base 15) to base 10
18
What is -3 (base 9) in base 6?
-3
Convert -b (base 15) to base 12.
-b
-23 (base 4) to base 13
-b
What is 244 (base 5) in base 13?
59
-49 (base 13) to base 3
-2021
-9 (base 15) to base 14
-9
What is -153 (base 13) in base 9?
-283
2 (base 16) to base 8
2
What is 79 (base 12) in base 16?
5d
What is -11100 (base 2) in base 11?
-26
0 (base 6) to base 10
0
Convert 0 (base 3) to base 7.
0
What is 7 (base 15) in base 3?
21
Convert 11 (base 15) to base 16.
10
What is 1230 (base 6) in base 2?
100110010
Convert -121 (base 3) to base 11.
-15
What is 2 (base 10) in base 5?
2
Convert 4 (base 5) to base 14.
4
-1000 (base 2) to base 3
-22
-60 (base 9) to base 3
-2000
Convert 3 (base 15) to base 8.
3
Convert 10 (base 15) to base 10.
15
22 (base 11) to base 3
220
What is -21 (base 5) in base 12?
-b
13 (base 4) to base 14
7
What is -106 (base 10) in base 9?
-127
-7 (base 9) to base 11
-7
Convert -a1 (base 16) to base 4.
-2201
Convert -68 (base 13) to base 3.
-10012
0 (base 3) to base 4
0
-1122 (base 3) to base 9
-48
Convert 7 (base 10) to base 4.
13
What is 1f (base 16) in base 9?
34
-78 (base 13) to base 7
-201
What is 100000 (base 2) in base 7?
44
6 (base 12) to base 14
6
What is -10122 (base 4) in base 7?
-552
What is -5 (base 9) in base 15?
-5
Convert 3 (base 8) to base 11.
3
What is 66 (base 15) in base 13?
75
4 (base 14) to base 6
4
Convert -133 (base 6) to base 5.
-212
What is 4 (base 12) in base 6?
4
-31 (base 6) to base 12
-17
-43 (base 8) to base 4
-203
What is 2 (base 9) in base 5?
2
-28 (base 12) to base 10
-32
-11 (base 6) to base 11
-7
62 (base 15) to base 9
112
-11 (base 9) to base 10
-10
1a (base 11) to base 5
41
330 (base 4) to base 8
74
-111 (base 3) to base 11
-12
What is 58 (base 9) in base 5?
203
204 (base 13) to base 4
11112
What is -6 (base 14) in base 6?
-10
Convert 0 (base 15) to base 6.
0
What is -1 (base 4) in base 10?
-1
3 (base 10) to base 3
10
What is 4 (base 7) in base 12?
4
What is -6 (base 13) in base 4?
-12
What is -14 (base 15) in base 2?
-10011
Convert 1000101 (base 2) to base 7.
126
2 (base 11) to base 10
2
-82 (base 16) to base 14
-94
-23 (base 6) to base 8
-17
Convert 20 (base 6) to base 12.
10
What is -11 (base 11) in base 9?
-13
Convert 201 (base 3) to base 13.
16
3 (base 15) to base 10
3
Convert 1133 (base 4) to base 2.
1011111
What is -243 (base 6) in base 12?
-83
What is 2 (base 13) in base 6?
2
Convert 41 (base 12) to base 9.
54
Convert -12 (base 15) to base 7.
-23
Convert -10 (base 10) to base 11.
-a
-1122 (base 4) to base 16
-5a
52 (base 9) to base 8
57
What is 11 (base 4) in base 11?
5
What is -4 (base 10) in base 11?
-4
What is 96 (base 10) in base 12?
80
114 (base 5) to base 7
46
What is 5c (base 14) in base 10?
82
3 (base 5) to base 10
3
Convert 41 (base 5) to base 3.
210
-2 (base 10) to base 12
-2
What is -2f (base 16) in base 11?
-43
What is 1 (base 4) in base 6?
1
Convert 189 (base 10) to base 5.
1224
Convert 10 (base 7) to base 14.
7
Convert -3 (base 6) to base 4.
-3
Convert 24 (base 9) to base 8.
26
What is -88 (base 16) in base 5?
-1021
What is -8 (base 14) in base 11?
-8
a (base 12) to base 8
12
What is 53 (base 12) in base 7?
120
Convert -3 (base 9) to base 16.
-3
10011 (base 2) to base 13
16
What is 13 (base 11) in base 12?
12
What is -10 (base 14) in base 16?
-e
208 (base 9) to base 12
122
Convert -17 (base 8) to base 14.
-11
Convert -4 (base 8) to base 16.
-4
12 (base 6) to base 12
8
-16 (base 13) to base 8
-23
Convert 1001 (base 2) to base 7.
12
What is -131 (base 6) in base 3?
-2001
Convert -36 (base 12) to base 4.
-222
Convert -10 (base 5) to base 11.
-5
What is -3 (base 4) in base 7?
-3
-3 (base 8) to base 13
-3
What is 16 (base 11) in base 10?
17
2 (base 6) to base 3
2
Convert 7 (base 16) to base 9.
7
Convert -1003 (base 4) to base 12.
-57
1313 (base 4) to base 7
230
-6e (base 16) to base 10
-110
11 (base 3) to base 15
4
Convert -10102 (base 3) to base 14.
-68
Convert 123 (base 8) to base 4.
1103
What is -23 (base 8) in base 14?
-15
Convert -1020 (base 4) to base 8.
-110
Convert 6 (base 7) to base 8.
6
Convert 1 (base 13) to base 9.
1
Convert -13 (base 15) to base 5.
-33
What is 10010 (base 2) in base 12?
16
Convert -3 (base 14) to base 2.
-11
Convert 13 (base 5) to base 6.
12
-3 (base 13) to base 6
-3
What is 26 (base 11) in base 5?
103
Convert 42 (base 11) to base 14.
34
-aa (base 12) to base 7
-244
-187 (base 10) to base 15
-c7
What is 0 (base 2) in base 10?
0
What is a (base 13) in base 14?
a
58 (base 16) to base 2
1011000
What is 3 (base 16) in base 5?
3
-14 (base 6) to base 11
-a
5 (base 9) to base 11
5
Convert 8 (base 13) to base 14.
8
What is -43 (base 6) in base 16?
-1b
What is 3 (base 11) in base 5?
3
Convert 0 (base 7) to base 10.
0
-40 (base 8) to base 6
-52
Convert -6 (base 9) to base 16.
-6
Convert 1 (base 9) to base 3.
1
Convert 1121 (base 3) to base 6.
111
7 (base 12) to base 15
7
What is -21 (base 3) in base 9?
-7
What is -5a (base 12) in base 6?
-154
What is -3 (base 4) in base 16?
-3
-1 (base 15) to base 11
-1
8 (base 15) to base 11
8
2 (base 12) to base 10
2
What is 2 (base 12) in base 14?
2
129 (base 12) to base 5
1202
0 (base 13) to base 7
0
Convert -1 (base 7) to base 14.
-1
What is d (base 16) in base 5?
23
Convert 1002 (base 3) to base 7.
41
What is -320 (base 6) in base 5?
-440
-1221 (base 3) to base 14
-3a
Convert -7 (base 15) to base 2.
-111
Convert 6 (base 10) to base 6.
10
Convert 1 (base 3) to base 12.
1
What is 52 (base 7) in base 12?
31
-13 (base 8) to base 16
-b
Convert 45 (base 8) to base 15.
27
Convert -111121 (base 3) to base 13.
-223
Convert 15 (base 14) to base 16.
13
Convert -111000 (base 2) to base 13.
-44
Convert -11 (base 13) to base 10.
-14
-c (base 15) to base 7
-15
Convert 0 (base 9) to base 12.
0
What is -2 (base 11) in base 14?
-2
-30 (base 6) to base 15
-13
What is 9f (base 16) in base 12?
113
-188 (base 14) to base 8
-474
Convert -132 (base 9) to base 16.
-6e
3 (base 4) to base 7
3
What is -78 (base 14) in base 9?
-127
What is 4 (base 14) in base 5?
4
1100 (base 2) to base 5
22
What is -11 (base 2) in base 11?
-3
Convert 30 (base 10) to base 13.
24
What is 1020 (base 3) in base 2?
100001
Convert -3d (base 16) to base 15.
-41
What is -5 (base 7) in base 15?
-5
1 (base 12) to base 10
1
Convert 5 (base 14) to base 5.
10
What is 2 (base 6) in base 2?
10
What is -30 (base 6) in base 3?
-200
Convert 0 (base 9) to base 12.
0
Convert -14 (base 13) to base 8.
-21
Convert 10011 (base 2) to base 7.
25
-1 (base 7) to base 2
-1
What is -7 (base 14) in base 8?
-7
Convert -c (base 13) to base 3.
-110
1000 (base 2) to base 3
22
What is 10111110 (base 2) in base 16?
be
What is 0 (base 3) in base 16?
0
220 (base 8) to base 5
1034
-13 (base 8) to base 11
-10
What is 5 (base 10) in base 7?
5
Convert 204 (base 5) to base 15.
39
-2 (base 5) to b